 = 5*x - 6. Let i be (3/9)/((-2)/(-12)). Suppose -15 = -x*j + i*j. What is the units digit of j?
5
Suppose -2*k + 158 + 84 = 0. Let a = k - 6. What is the hundreds digit of a?
1
Suppose 5*l - 316 = l. Let j = l + 4. Suppose -3*x - 3*i + j - 11 = 0, -4*x - 3*i = -98. What is the tens digit of x?
2
Let g(q) = -10*q + 5. Let c be g(9). Let p = 127 + c. What is the units digit of p?
2
Let g = -3 - 6. What is the units digit of g/(-12) + (-558)/(-24)?
4
Let w(b) = b**2 - b - 1. Let p(c) = -3*c**3 + 2*c**2 + 5*c - 3. Let l(t) = -p(t) - 3*w(t). What is the tens digit of l(4)?
1
Suppose -7*i - 169 + 589 = 0. Let k be (-3)/(-1)*(-22)/(-3). Let a = i - k. What is the units digit of a?
8
Let s = 1193 - 1134. What is the tens digit of s?
5
Let v(y) = y + 138. Let c(q) = -3*q - 275. Let j(h) = 2*c(h) + 5*v(h). Let b be j(0). Suppose 6*i = 2*i + b. What is the tens digit of i?
3
Suppose 0*c + 55 = 5*c. Let t be 7/(-70) + 121/10. What is the tens digit of (t*c)/4 + 2?
3
Suppose -5*b = 3*w - 640, w = 6*b - b + 220. What is the tens digit of w?
1
Let s(g) = -g**2 - 10*g - 12. Let o be s(-9). What is the tens digit of (-8)/10 + (o - (-408)/10)?
3
Suppose -2*t - 2*o - 44 = 0, -4*t - o = 2*o + 84. Let b = 25 + t. What is the units digit of b?
7
Let b(w) = 2*w**2 - 3*w + 14. Let g = 62 + -55. What is the tens digit of b(g)?
9
Suppose 4*s - 2*w - 834 - 1584 = 0, 0 = -5*s - 2*w + 3027. What is the hundreds digit of s?
6
Let n(w) = -w**3 - 6*w**2 - 6*w - 9. Let l be n(-5). Let t be (l - 0) + 53 + -4. Suppose -4*i + 43 = -t. What is the tens digit of i?
2
Let g(y) = -y**3 + 6*y**2 - 7*y + 4. Let x be g(4). Let b be 151/9 + 13/((-1521)/(-26)). Let m = b - x. What is the units digit of m?
9
Let a be 2/(-4) + 378/4. Suppose -3*n + 0*j + 2 = -4*j, 2*n = -2*j + 6. Suppose -n = -4*y + a. What is the units digit of y?
4
Let m(h) = 22*h + 6. Let y(n) = -7*n - 2. Let a(f) = -2*m(f) - 7*y(f). What is the tens digit of a(19)?
9
Let b be (-93 + -25)/(2/(8*-1)). Suppose -1517 + b = -5*h. What is the tens digit of h?
0
Let f = 0 + 4. Suppose x + 3*x = 4*z + 8, 3 = 3*z. Suppose 24 = 2*n + f*b, 1 = -2*n + 3*b - x. What is the units digit of n?
4
Let h(d) = -5*d - 6. Let b be ((-4)/5)/((-18)/(-135)). Let k be 95/(-15) - (-4)/b. What is the units digit of h(k)?
9
Suppose 4*k = 3*a - 47, k = 6*a - 2*a - 67. What is the units digit of a?
7
Let c = 364 - 223. What is the tens digit of c?
4
Let r(u) be the third derivative of -u**4/8 + 22*u**3/3 + 11*u**2. What is the tens digit of r(0)?
4
What is the tens digit of (1 - 2) + (0 - (0 - 112))?
1
Let w = -16 - -9. Let l(v) = 3*v + 7*v - 9*v + 0 + 13. What is the units digit of l(w)?
6
Let v = 156 + -9. What is the tens digit of v?
4
Let h(w) = -w**2 - 4*w + 4. Let v be h(-4). Suppose 0 = 2*u - s - 21, 34 = -u + 4*u - v*s. Let q(l) = 2*l + 8. What is the units digit of q(u)?
8
Let x(j) = j**2 - 2*j + 2. Let w be x(0). Let h be ((-5)/10)/(w/172). Let u = h + 79. What is the tens digit of u?
3
Let i(v) = 4*v - 8. Let s(d) = d. Let c = 8 + -7. Let z(l) = c*i(l) - s(l). What is the tens digit of z(6)?
1
Let m = -2 + 1. Let o(c) = 1 - 10*c - 2 + 2. What is the units digit of o(m)?
1
Let m(r) = 5*r**2 - 14*r - 3. Let t be m(-7). Suppose 5*z - 346 = 2*l, -5*z + t = l - 6*l. What is the units digit of z?
0
Let p(m) = m**2 + 10*m - 7. Let q be p(-11). Suppose 2*o - 203 = -2*c + 23, -420 = -4*o + q*c. What is the units digit of o?
9
What is the hundreds digit of (-10971)/69*(-31)/3?
6
Suppose -2*r + 9*k - 4*k + 1071 = 0, -1599 = -3*r + 5*k. What is the tens digit of r?
2
Suppose -5*d = 4*d - 17559. What is the tens digit of d?
5
Suppose 0 = 3*o - 4*j - 14, -5*o - j + 4*j + 5 = 0. What is the tens digit of ((-2)/4)/(o/260)?
6
Let c be (-203)/3 + 8/12 + 0. Let z = 149 + c. What is the tens digit of z?
8
Suppose 5*s = 4*o - 727, 5*s - 209 = -4*o + 488. What is the units digit of o?
8
Let p be 99/21 + 4/14. Let d(g) = -g**3 + 8*g**2 - 5*g + 2. Let o be d(p). Suppose 3*b - 127 + o = 0. What is the units digit of b?
5
Let r be 2 + 2/(2/3). Suppose 18 + 12 = -r*o. Let b(g) = -7*g. What is the units digit of b(o)?
2
Let l be 16/(-3 + 8/2). Suppose -3*y = -l - 11. What is the units digit of y?
9
Let i(j) = -5*j + 25. Suppose 5*u + 1 = r + 10, -5*u + 65 = -5*r. What is the tens digit of i(r)?
9
Suppose 10055 + 2895 = 10*t. What is the thousands digit of t?
1
Let c(w) = 13*w + 48. Let x be c(-8). Suppose b + 23 = 4*i - 26, -3*b - 3*i = 87. Let m = b - x. What is the tens digit of m?
2
Let y(t) = -59*t + 11. What is the units digit of y(-12)?
9
What is the units digit of ((-8)/(-4) + 224/(-40))*-5?
8
Let d(l) = -5*l - 41 + 7 + 17. What is the tens digit of d(-9)?
2
Let n(x) = x**2 - 2*x + 5. Let f = -27 + 27. What is the units digit of n(f)?
5
Let a(n) = -17*n + 126. What is the units digit of a(-10)?
6
Let q be 6*2*10/15 + -4. Suppose -q*o + 260 - 1056 = -5*j, -4*o - 636 = -4*j. What is the units digit of j?
0
Let a(b) = -b - 1. Let k(w) = -36*w - 6. Let d(g) = 8*a(g) - k(g). Let j be d(2). Let o = 75 - j. What is the tens digit of o?
2
Suppose o = -o + 6. Suppose 4*g = -3*p + 11, -4*g = -o*p - 2*p - 3. Suppose -6*z + g*z = -4. What is the units digit of z?
1
Suppose -5*m + 4 + 11 = 0. Let n(z) = -z**3 + 2*z**3 + 2*z**2 - 3 + 6 - 2*z. What is the tens digit of n(m)?
4
Let w = 44 + -40. Suppose 555 = w*o - 5*g, -g + 4*g + 414 = 3*o. What is the units digit of o?
5
Suppose -10*t - 10781 = -5*k - 7*t, -t + 8635 = 4*k. What is the hundreds digit of k?
1
Suppose 18 = 2*n + 3*o, 1 = -0*n - n + o. What is the units digit of (6/(-5))/n*-225?
0
Let r(w) = 62*w - 119. What is the tens digit of r(6)?
5
Suppose 0*y = 5*y - 3310. What is the tens digit of y?
6
Suppose g = 2*o + 7, 5*g = 2*o + 3 + 8. Let c be 8/12*63 + o. Suppose -c = -5*j + 46. What is the tens digit of j?
1
Let n = -462 + 783. What is the hundreds digit of n?
3
What is the hundreds digit of 2 - (-18)/(-8) - 1313/(-4)?
3
Let u(h) = -h**2 + 31*h + 34. What is the units digit of u(14)?
2
Suppose 3*t - 4*c = 1, -3*t + 11 = -0*c + c. Suppose -t*a - 15 = -636. What is the units digit of a?
7
Let g(d) = -d**3 + 276. What is the tens digit of g(0)?
7
Let d be (4/3)/(4/90). Suppose 0 = 13*l - 10*l - d. Let y = 29 - l. What is the tens digit of y?
1
What is the tens digit of (0 + 5/2)/(54/1836)?
8
Let x(c) be the third derivative of -c**7/1260 + c**6/36 + 3*c**5/20 - 12*c**2. Let g(y) be the third derivative of x(y). What is the tens digit of g(-9)?
5
Let j = -281 - -623. Suppose 5*v = 3*u - 402, 4*u - 5*v - 189 - j = 0. What is the tens digit of u?
2
Let h(a) = a**2 - 1. Let u(c) = 5*c**2 - 14*c + 4. Let n(k) = -4*h(k) + u(k). What is the units digit of n(14)?
8
Let r be (-4)/(-26) + 3/(-39)*-128. What is the tens digit of 208/r + 1/5?
2
Let r = 178 + -31. What is the units digit of r?
7
Suppose 17*i + 153791 = 58*i. What is the units digit of i?
1
Suppose 5*b - 4804 = 3*m, -4*b - 2*m + 3077 + 775 = 0. What is the units digit of b?
2
Let g = -37 + 33. What is the units digit of g - (-3 + -9 + -4)?
2
Suppose -3071 = 10*l - 8551. What is the hundreds digit of l?
5
Let j = 11 - 7. Suppose 115 = 3*f - j*h, -2*f + h + 0*h + 85 = 0. What is the units digit of f?
5
Let d(f) = f**3 - 8*f**2 + 4. Let z be d(8). Let v = 9 + z. What is the units digit of v?
3
Let l be 12/(-8)*50/3. Let m = l + 29. Suppose -4*s = -4*y + 188, 0*y + 200 = m*y - s. What is the tens digit of y?
5
Let a be (35/(-20))/(1/8). What is the hundreds digit of (a + 20)*106/6?
1
Let t(v) = 8*v**2 + 90*v - 119. What is the thousands digit of t(-19)?
1
Let r(t) be the second derivative of t**4/6 + t**2/2 + 7*t. What is the units digit of r(1)?
3
Let x(o) = -10*o**3 + 44*o**2 + 63*o - 27. Let h(q) = 3*q**3 - 15*q**2 - 21*q + 9. Let t(i) = -7*h(i) - 2*x(i). What is the tens digit of t(18)?
4
Let k = -390 + 398. What is the units digit of k?
8
Suppose 2 - 11 = -3*w. Suppose w*d = 2*d + 15. Suppose 13*p + 48 = d*p. What is the units digit of p?
4
Suppose 0*l + 2*o = -4*l + 36, 2*l = 2*o + 6. Suppose -5*g - 8 = -l*g. What is the units digit of g?
4
Suppose -702 + 83 = -3*k - d, -4*k + 2*d + 822 = 0. What is the units digit of k?
6
Suppose 3*x - 3*r - 1014 = -0*x, 5*x = -2*r + 1718. What is the units digit of x?
2
Let d be 0/(-1*(-1 - 0)). Suppose 0 = -d*u + 2*u